107106 and 30?
6
Calculate the highest common divisor of 2100 and 756.
84
Calculate the highest common divisor of 1148158 and 110.
22
What is the greatest common divisor of 6 and 47210?
2
Calculate the highest common factor of 2020 and 1340.
20
What is the highest common factor of 295 and 55?
5
Calculate the greatest common factor of 25122 and 954.
318
What is the highest common divisor of 79330 and 25?
5
Calculate the highest common factor of 1966 and 2381809.
983
What is the highest common factor of 8216 and 18881?
79
What is the greatest common factor of 111087 and 72?
9
What is the highest common divisor of 561 and 168657?
51
Calculate the highest common divisor of 86009 and 49.
7
What is the highest common divisor of 23632 and 322?
14
What is the highest common divisor of 14141 and 110363?
79
Calculate the highest common factor of 256 and 136.
8
Calculate the greatest common divisor of 318757 and 23.
23
What is the greatest common divisor of 836 and 286064?
76
Calculate the highest common factor of 1408 and 16280.
88
What is the highest common factor of 13 and 640?
1
Calculate the greatest common divisor of 2001 and 322.
23
Calculate the highest common factor of 430 and 2829830.
430
What is the greatest common factor of 3 and 11667?
3
What is the highest common factor of 3507 and 669?
3
What is the highest common factor of 963 and 2354?
107
Calculate the highest common divisor of 399 and 1112811.
399
What is the highest common factor of 1296401 and 47?
47
What is the highest common divisor of 2669383 and 386?
193
What is the highest common divisor of 926811 and 522?
261
What is the greatest common divisor of 2079208 and 304?
152
Calculate the greatest common factor of 24 and 302320.
8
Calculate the greatest common factor of 2987 and 53099.
29
What is the greatest common divisor of 48 and 46884?
12
Calculate the highest common factor of 11340 and 972.
324
What is the highest common factor of 22610 and 35?
35
Calculate the greatest common divisor of 156317 and 44114.
959
What is the highest common divisor of 353250 and 54?
18
Calculate the greatest common divisor of 255 and 75.
15
Calculate the greatest common divisor of 3626 and 24010.
98
Calculate the greatest common factor of 225615 and 124215.
2535
What is the greatest common divisor of 1125 and 216?
9
What is the greatest common divisor of 572 and 23556?
52
What is the highest common factor of 2571 and 1228081?
857
What is the highest common divisor of 244434 and 96?
6
Calculate the greatest common factor of 99 and 381.
3
What is the greatest common factor of 189 and 148743?
189
What is the greatest common factor of 315 and 1576710?
45
Calculate the greatest common factor of 15134 and 324898.
322
What is the highest common divisor of 177876 and 183?
183
What is the highest common divisor of 2215 and 35?
5
What is the greatest common divisor of 54835 and 77?
11
What is the greatest common factor of 1431 and 25599?
159
Calculate the greatest common divisor of 2782 and 34026.
214
Calculate the greatest common divisor of 861 and 1358.
7
Calculate the greatest common divisor of 4214 and 343.
49
Calculate the highest common divisor of 148 and 5587.
37
Calculate the highest common factor of 4401 and 7425.
27
What is the greatest common factor of 438370 and 17832?
1486
Calculate the greatest common divisor of 153 and 199308.
51
Calculate the greatest common factor of 864870 and 20.
10
Calculate the highest common factor of 65 and 267085.
65
What is the greatest common divisor of 2211 and 6611?
11
Calculate the highest common factor of 1066 and 1270139.
533
Calculate the greatest common factor of 314 and 5.
1
What is the greatest common divisor of 20594763 and 189?
189
Calculate the highest common divisor of 14381 and 73.
73
Calculate the greatest common factor of 69 and 178917.
69
Calculate the greatest common factor of 115349 and 247.
247
What is the highest common factor of 34131 and 93?
93
What is the highest common factor of 11382 and 24192?
42
Calculate the greatest common divisor of 460 and 46828.
92
What is the greatest common factor of 290 and 3028180?
290
Calculate the highest common divisor of 11 and 1913.
1
What is the highest common factor of 22604 and 68?
4
What is the highest common factor of 403410 and 45696?
714
What is the greatest common factor of 216 and 34588?
4
Calculate the highest common factor of 1165616 and 526.
526
What is the greatest common factor of 96900 and 3570?
510
What is the highest common factor of 1625 and 4625?
125
Calculate the greatest common divisor of 124880 and 1680.
560
What is the greatest common divisor of 278362 and 13570?
118
What is the greatest common divisor of 2048 and 32896?
128
Calculate the greatest common divisor of 895 and 7697.
179
What is the highest common divisor of 226806 and 3670?
734
What is the greatest common divisor of 3108 and 1315461?
777
Calculate the greatest common factor of 692 and 34.
2
What is the highest common divisor of 69391 and 1724?
431
What is the greatest common factor of 1574113 and 41?
41
Calculate the highest common factor of 15753 and 5487.
177
Calculate the highest common factor of 6639 and 3.
3
Calculate the highest common factor of 251121 and 39.
39
Calculate the highest common divisor of 775 and 45575.
25
Calculate the greatest common factor of 4060854 and 1134.
1134
What is the greatest common factor of 22839 and 662?
331
What is the highest common divisor of 2640 and 405?
15
What is the highest common divisor of 180 and 8980?
20
What is the highest common factor of 555 and 675?
15
Calculate the greatest common factor of 1686036 and 22.
22
What is the greatest common factor of 240 and 95280?
240
What is the highest common divisor of 6992 and 598?
46
What is the greatest common divisor of 416 and 18656?
32
What is the highest common divisor of 123 and 53177?
41
What is the highest common divisor of 5018 and 4246?
386
What is the greatest common divisor of 624 and 148083?
39
Calculate the highest common divisor of 7812 and 89404.
868
What is the highest common divisor of 3 and 56783?
1
What is the highest common factor of 15314 and 1937?
13
Calculate the highest common divisor of 4940 and 400.
20
What is the greatest common divisor of 12 and 2748?
12
What is the greatest common divisor of 165 and 19155?
15
What is the greatest common factor of 880 and 3776?
16
Calculate the greatest common divisor of 104936 and 3640.
104
Calculate the greatest common factor of 66 and 190707.
33
What is the highest common divisor of 19206 and 970?
194
Calculate the highest common divisor of 221 and 12546.
17
What is the greatest common divisor of 12348 and 26964?
252
What is the highest common divisor of 3080 and 9800?
280
Calculate the greatest common factor of 1247 and 841.
29
What is the highest common factor of 2317 and 154?
7
Calculate the highest common factor of 4805 and 366265.
155
What is the greatest common divisor of 272194 and 1653?
551
Calculate the highest common divisor of 783 and 1090197.
261
Calculate the greatest common factor of 44800 and 9380.
140
What is the greatest common factor of 91 and 294476?
91
Calculate the greatest common factor of 729198 and 306.
306
Calculate the highest common divisor of 17785911 and 39.
39
Calculate the greatest common factor of 5240 and 1720.
40
What is the greatest common divisor of 5828 and 868?
124
What is the greatest common factor of 141642 and 77958?
1098
What is the highest common divisor of 1180 and 285280?
20
Calculate the highest common factor of 1648 and 944.
16
Calculate the highest common factor of 204404 and 411.
137
Calculate the highest common divisor of 264 and 567512.
88
What is the highest common factor of 40 and 423515?
5
What is the highest common factor of 1284 and 1713284?
428
Calculate the greatest common factor of 272 and 722704.
272
Calculate the greatest common divisor of 111 and 54871.
37
Calculate the highest common divisor of 1980 and 960.
60
Calculate the highest common divisor of 108620 and 40.
20
What is the greatest common factor of 3854773 and 793?
793
Calculate the highest common factor of 5012 and 13769.
7
Calculate the highest common divisor of 18801431 and 209.
209
What is the greatest common divisor of 466095 and 105?
105
What 